 is the units digit of 2592?
2
What is the ten thousands digit of 41407?
4
What is the tens digit of 4876?
7
What is the units digit of 7736?
6
What is the hundreds digit of 1072?
0
What is the hundreds digit of 2608?
6
What is the units digit of 8035?
5
What is the hundreds digit of 951?
9
What is the tens digit of 15268?
6
What is the thousands digit of 9149?
9
What is the units digit of 3326?
6
What is the hundreds digit of 19629?
6
What is the units digit of 698?
8
What is the units digit of 581?
1
What is the hundreds digit of 47326?
3
What is the tens digit of 1557?
5
What is the tens digit of 60032?
3
What is the thousands digit of 1107?
1
What is the units digit of 25018?
8
What is the units digit of 576?
6
What is the units digit of 12423?
3
What is the tens digit of 3026?
2
What is the hundreds digit of 11483?
4
What is the units digit of 4949?
9
What is the tens digit of 969?
6
What is the tens digit of 359?
5
What is the units digit of 1628?
8
What is the thousands digit of 6515?
6
What is the hundreds digit of 38652?
6
What is the units digit of 92850?
0
What is the units digit of 96775?
5
What is the units digit of 8133?
3
What is the hundreds digit of 17414?
4
What is the tens digit of 5049?
4
What is the tens digit of 9739?
3
What is the tens digit of 6527?
2
What is the hundreds digit of 37004?
0
What is the hundreds digit of 2355?
3
What is the tens digit of 15890?
9
What is the units digit of 18215?
5
What is the units digit of 596?
6
What is the thousands digit of 8269?
8
What is the hundreds digit of 306?
3
What is the units digit of 507?
7
What is the tens digit of 4625?
2
What is the hundreds digit of 828?
8
What is the thousands digit of 16695?
6
What is the hundreds digit of 72152?
1
What is the thousands digit of 3725?
3
What is the hundreds digit of 26741?
7
What is the thousands digit of 5033?
5
What is the thousands digit of 96962?
6
What is the tens digit of 4220?
2
What is the tens digit of 2398?
9
What is the units digit of 1434?
4
What is the units digit of 215?
5
What is the tens digit of 3100?
0
What is the thousands digit of 4154?
4
What is the thousands digit of 3795?
3
What is the tens digit of 861?
6
What is the hundreds digit of 382?
3
What is the tens digit of 6676?
7
What is the tens digit of 1836?
3
What is the units digit of 781?
1
What is the units digit of 1555?
5
What is the thousands digit of 132176?
2
What is the thousands digit of 4558?
4
What is the tens digit of 224?
2
What is the thousands digit of 1855?
1
What is the tens digit of 9961?
6
What is the units digit of 3081?
1
What is the tens digit of 5429?
2
What is the hundreds digit of 42881?
8
What is the hundreds digit of 1398?
3
What is the units digit of 5918?
8
What is the units digit of 436?
6
What is the hundreds digit of 1724?
7
What is the hundreds digit of 809?
8
What is the tens digit of 8593?
9
What is the units digit of 314?
4
What is the thousands digit of 1503?
1
What is the thousands digit of 4263?
4
What is the units digit of 4077?
7
What is the tens digit of 14363?
6
What is the tens digit of 205?
0
What is the hundreds digit of 7527?
5
What is the hundreds digit of 6253?
2
What is the units digit of 1852?
2
What is the units digit of 7045?
5
What is the units digit of 16015?
5
What is the units digit of 6582?
2
What is the units digit of 1202?
2
What is the units digit of 16855?
5
What is the hundreds digit of 182?
1
What is the tens digit of 1685?
8
What is the hundreds digit of 5074?
0
What is the ten thousands digit of 44259?
4
What is the tens digit of 6834?
3
What is the tens digit of 45039?
3
What is the tens digit of 12609?
0
What is the units digit of 4098?
8
What is the units digit of 4808?
8
What is the tens digit of 35103?
0
What is the units digit of 18901?
1
What is the hundreds digit of 12936?
9
What is the hundreds digit of 630?
6
What is the hundreds digit of 4637?
6
What is the units digit of 946?
6
What is the tens digit of 8052?
5
What is the units digit of 18?
8
What is the hundreds digit of 150?
1
What is the tens digit of 2741?
4
What is the tens digit of 2098?
9
What is the units digit of 707?
7
What is the hundreds digit of 17368?
3
What is the thousands digit of 6041?
6
What is the tens digit of 1435?
3
What is the tens digit of 46588?
8
What is the units digit of 30?
0
What is the hundreds digit of 272?
2
What is the thousands digit of 2965?
2
What is the hundreds digit of 7589?
5
What is the hundreds digit of 33358?
3
What is the tens digit of 45942?
4
What is the thousands digit of 2763?
2
What is the tens digit of 528?
2
What is the hundreds digit of 5348?
3
What is the units digit of 22?
2
What is the hundreds digit of 6044?
0
What is the hundreds digit of 21356?
3
What is the units digit of 6403?
3
What is the tens digit of 3303?
0
What is the units digit of 5403?
3
What is the hundreds digit of 656?
6
What is the tens digit of 2813?
1
What is the hundreds digit of 85015?
0
What is the units digit of 16724?
4
What is the units digit of 2187?
7
What is the tens digit of 29278?
7
What is the units digit of 9044?
4
What is the units digit of 501?
1
What is the hundreds digit of 26104?
1
What is the hundreds digit of 2466?
4
What is the hundreds digit of 41872?
8
What is the units digit of 830?
0
What is the thousands digit of 1322?
1
What is the tens digit of 527?
2
What is the units digit of 1056?
6
What is the hundreds digit of 48653?
6
What is the units digit of 5648?
8
What is the hundreds digit of 16000?
0
What is the units digit of 643?
3
What is the hundreds digit of 3608?
6
What is the units digit of 611?
1
What is the hundreds digit of 866?
8
What is the thousands digit of 1026?
1
What is the units digit of 4870?
0
What is the hundreds digit of 1268?
2
What is the units digit of 3719?
9
What is the hundreds digit of 55030?
0
What is the tens digit of 34961?
6
What is the tens digit of 1504?
0
What is the units digit of 57083?
3
What is the tens digit of 19135?
3
What is the hundreds digit of 18470?
4
What is the units digit of 32591?
1
What is the units digit of 8561?
1
What is the hundreds digit of 1323?
3
What is the units digit of 877?
7
What is the units digit of 3002?
2
What is the hundreds digit of 12739?
7
What is the thousands digit of 5459?
5
What is the ten thousands digit of 95742?
9
What is the units digit of 83?
3
What is the hundreds digit of 4715?
7
What is the tens digit of 5803?
0
What is the thousands digit of 1687?
1
What is the units digit of 8582?
2
What is the hundreds digit of 7541?
5
What is the tens digit of 448?
4
What is the tens digit of 737?
3
What is the thousands digit of 9599?
9
What is the hundreds digit of 831?
8
What is the ten thousands digit of 22547?
2
What is the units digit of 1870?
0
What is the units digit of 4020?
0
What is the thousands digit of 8097?
8
What is the thousands digit of 45106?
5
What is the units digit of 590?
0
What is the hundreds digit of 43638?
6
What is the units digit of 4308?
8
What is the thousands digit of 19066?
9
What is the units digit of 429?
9
What is the hundreds digit of 66684?
6
What is the units digit of 576?
6
What is the thousands digit of 1624?
1
What is the tens digit of 12376?
7
What is the hundreds digit of 684?
6
What is the units digit of 896?
6
What is the thousands digit of 4483?
4
What is the hundreds digit of 3998?
9
What is the thousands digit of 63225?
3
What is the hundreds digit of 942?
9
What is the hundreds digit of 6279?
2
What is the units digit of 1037?
7
What is the tens digit of 6103?
0
What is the units digit of 520?
0
What is the ten thousands digit of 21857?
2
What is the tens digit of 125?
2
What is the units digit of 912?
2
What is the thousands digit of 2971?
2
What is the tens digit of 20155?
5
What is the units digit of 16219?
9
What is the tens digit of 985?
8
What is the ten thousands digit of 30220?
3
What is the ten thousands digit of 11319?
1
What is the ten thousands digit of 11738?
1
What is the ten thousands digit of 39279?
3
What is the hundreds digit of 38823?
8
What is the hundreds digit of 498?
4
What is the hundreds digit of 2342?
3
What is the units digit of 3395?
5
What is the tens digit of 754?
5
What is the units digit of 922?
2
What is the thousands digit of